g) = 8*g**2 - 120*g - 37. Give v(16).
91
Let f(t) = -t**3 - 114*t**2 - 219*t + 635. Calculate f(-112).
75
Let u(b) = 41*b**2 - 5*b + 11. Determine u(2).
165
Let k(u) = -u**3 - 26*u**2 - 29*u - 106. What is k(-25)?
-6
Let o(w) = -w**3 + w**2 - 34*w + 242. Give o(6).
-142
Let n(k) = 9*k**2 - 94*k - 42. What is n(11)?
13
Let c(u) = -28*u + 10. What is c(-7)?
206
Let a(m) = m**3 + 9*m**2 - 13*m - 20. Determine a(-10).
10
Let y(w) = 24*w**3 - 11*w**2 - 6*w - 8. What is y(-1)?
-37
Let y(x) = -26*x**2 - 10*x + 66. Give y(5).
-634
Let n(z) = z**2 + 49*z + 719. Give n(-25).
119
Let r(s) = -s**3 - 14*s**2 - 5*s - 18. Calculate r(-14).
52
Let d(w) = -w**3 + 11*w**2 - 17*w + 14. What is d(4)?
58
Let c(u) = 2*u**3 + 22*u**2 + 48*u + 106. Determine c(-9).
-2
Let s(a) = a**3 + 8*a**2 - 55*a + 10. What is s(4)?
-18
Let a(v) = 2*v**3 - 19*v**2 - 14*v + 38. Determine a(10).
-2
Let l(x) = -3038*x + 9117. What is l(3)?
3
Let f(z) = 5*z**2 + 38*z - 24. Determine f(-8).
-8
Let m(q) = 20*q + 341. Give m(-21).
-79
Let n(p) = -27*p - 20. Determine n(8).
-236
Let a(x) = -4*x**2 - 436*x - 565. Give a(-108).
-133
Let p(g) = -13*g + 7. What is p(-6)?
85
Let n(v) = -33*v - 795. Give n(-33).
294
Let b(l) = 23*l**3 - 506*l**2 + l - 24. Calculate b(22).
-2
Let o(g) = g**2 - 8*g - 78. Calculate o(11).
-45
Let a(c) = 7*c**3 + 82*c**2 - 107*c + 147. Give a(-13).
17
Let d(p) = 487*p + 52110. What is d(-107)?
1
Let x(z) = -2*z**2 - 226*z - 4529. Give x(-26).
-5
Let y(v) = 5*v**2 + 261*v + 786. Calculate y(-49).
2
Let p(r) = -32*r + 832. Give p(17).
288
Let t(i) = -i**2 - 111*i - 3047. Calculate t(-65).
-57
Let r(y) = -131*y - 1300. What is r(-11)?
141
Let m(r) = 1754*r + 308696. Calculate m(-176).
-8
Let l(q) = 1995*q - 3943. Determine l(2).
47
Let j(r) = 3*r**2 - 211*r - 140. Determine j(71).
2
Let x(j) = j**2 + 63*j + 631. Give x(-12).
19
Let i(v) = 31*v + 55. Give i(-6).
-131
Let a(g) = -g**2 - 38*g + 20. Calculate a(-36).
92
Let k(o) = 264*o - 1065. Give k(4).
-9
Let y(o) = 3*o**2 + 4*o. Calculate y(2).
20
Let y(x) = -x**3 + 2*x**2 + 30*x - 56. Give y(2).
4
Let r(q) = -249*q + 251. Give r(1).
2
Let m(g) = 11*g**2 - 91*g + 29. Determine m(8).
5
Let f(a) = 182*a**3 - 2*a**2 - 5*a - 4. Determine f(-1).
-183
Let c(q) = q**2 - 32*q + 171. What is c(6)?
15
Let f(w) = -14*w**2 + 60*w. What is f(6)?
-144
Let n(d) = d**3 - 44*d**2 + 315*d + 6. Calculate n(35).
6
Let z(f) = 78*f**2 - 7*f + 2. What is z(-1)?
87
Let k(t) = 3*t**2 - 454*t + 6955. Determine k(134).
-13
Let z(w) = w**3 + 2*w**2 - 6*w. Give z(3).
27
Let n(m) = -2*m**2 - 3*m + 32. Determine n(6).
-58
Let a(d) = 2*d**3 + d**2 - 5*d - 5. What is a(-4)?
-97
Let q(f) = -f**3 + 8*f**2 + 11*f - 7. Determine q(9).
11
Let w(q) = -q**3 + 4*q**2 - 30*q + 289. Give w(6).
37
Let x(t) = 16*t**3 - t**2 - 13*t + 32. Calculate x(3).
416
Let l(x) = -157*x + 2352. Give l(15).
-3
Let c(y) = -64*y - 441. Determine c(-7).
7
Let p(y) = -26*y + 240. Determine p(9).
6
Let v(c) = -38*c + 453. Give v(7).
187
Let l(m) = 7*m**3 - 11*m - 18. What is l(-2)?
-52
Let f(b) = 27341*b - 109361. Calculate f(4).
3
Let p(m) = 47*m + 5350. What is p(-114)?
-8
Let g(o) = o**2 + 1062*o + 8432. Calculate g(-8).
0
Let z(k) = 18*k**2 - 70*k + 19. Determine z(-4).
587
Let s(v) = v**2 - 26*v - 124. Determine s(-4).
-4
Let p(x) = -201*x + 1417. Give p(7).
10
Let f(k) = -514*k - 441. What is f(-1)?
73
Let y(d) = -35*d - 537. Determine y(-17).
58
Let w(r) = -2*r**2 + 30*r - 52. What is w(2)?
0
Let d(x) = -76*x**2 + 761*x - 13. Give d(10).
-3
Let h(r) = -r**3 + 3*r**2 + 211*r + 27. Give h(-13).
-12
Let r(x) = 5*x - 242. What is r(48)?
-2
Let o(p) = -6*p**2 + 56*p - 92. Determine o(7).
6
Let z(g) = 19*g - 67. Calculate z(11).
142
Let a(k) = -k**2 + 297*k + 1806. Give a(-6).
-12
Let a(m) = -3*m**2 - 132*m + 4181. Calculate a(21).
86
Let v(c) = -6*c**2 - 501*c + 32. What is v(-84)?
-220
Let a(w) = w**3 - 33*w**2 - 988*w + 10. Give a(52).
10
Let w(f) = -3*f**3 + 9*f**2 + 1265*f - 5057. Give w(4).
-45
Let q(a) = a**2 - 11*a - 731. Give q(-22).
-5
Let y(c) = 153*c + 9962. Calculate y(-65).
17
Let k(h) = 77*h**2 + 2002*h - 62. What is k(-26)?
-62
Let m(q) = -2*q**2 + 229*q - 592. What is m(112)?
-32
Let y(u) = -5*u**3 - 4*u**2 - 20*u - 101. Determine y(-4).
235
Let q(v) = -2*v**2 - 87*v + 713. Give q(8).
-111
Let z(d) = -2*d**3 - 8*d**2 + 5*d + 5. Calculate z(-7).
264
Let y(j) = -j + 9. Determine y(-21).
30
Let x(h) = -h**3 + 15*h**2 - 27*h + 173. Determine x(14).
-9
Let t(j) = -5*j**2 - 48*j - 11. Determine t(-11).
-88
Let l(o) = -672*o - 6723. What is l(-10)?
-3
Let j(k) = -162*k + 183. Calculate j(1).
21
Let c(b) = 3231*b - 25836. Determine c(8).
12
Let g(n) = -10*n**2 + 37*n + 16. Give g(4).
4
Let t(i) = i**3 - 15*i**2 - 53*i + 4. Give t(18).
22
Let b(f) = -f + 55. Determine b(22).
33
Let h(t) = 143*t + 1120. Determine h(-8).
-24
Let c(s) = -s**3 - 22*s**2 + s + 19. Determine c(-22).
-3
Let m(q) = q**3 + 8*q**2 - 18*q + 2. What is m(2)?
6
Let t(s) = 35*s**3 - 30*s**2 + 34*s - 4. What is t(1)?
35
Let o(l) = l**2 + 566*l - 29495. Calculate o(48).
-23
Let m(o) = -o**3 - 16*o**2 - 68*o - 84. Calculate m(-4).
-4
Let q(u) = u**3 + 12*u**2 + 4*u - 19. Determine q(-5).
136
Let p(d) = 3*d**2 - 217*d + 1597. Determine p(64).
-3
Let b(z) = z**2 + 42*z + 203. Determine b(-35).
-42
Let k(r) = -r**3 - 26*r**2 + 2*r + 27. What is k(-26)?
-25
Let r(s) = -s**3 - 44*s**2 - 197*s - 68. Give r(-39).
10
Let z(j) = 43*j + 68. What is z(-1)?
25
Let a(s) = -11*s**3 - 10*s**2 + 43*s + 5. What is a(3)?
-253
Let a(j) = -523*j - 5755. Calculate a(-11).
-2
Let o(l) = -199*l - 2586. Give o(-13).
1
Let c(n) = -9*n**2 + 133*n + 22. Give c(15).
-8
Let j(d) = 8*d**3 - 1089*d**2 + 3326*d - 128. Determine j(133).
5
Let g(l) = -3310*l + 19839. Give g(6).
-21
Let m(u) = 267*u + 566. Determine m(-2).
32
Let b(t) = -339*t**2 - 8*t - 6. What is b(-1)?
-337
Let w(g) = 3*g**3 - 64*g**2 - 44*g - 5. Calculate w(22).
-5
Let m(c) = c**3 + 127*c**2 - 794*c + 522. Give m(-133).
-10
Let s(p) = -3*p**2 - 30*p + 31. Give s(-11).
-2
Let k(i) = i - 206. Give k(-34).
-240
Let g(o) = 65*o + 1763. Calculate g(-28).
-57
Let b(k) = -k**3 + 2*k**2 + 6*k + 69. Give b(-7).
468
Let v(p) = -p**2 - 36*p - 1. What is v(-36)?
-1
Let u(x) = 31*x**2 - 311*x - 19. Determine u(9).
-307
Let v(p) = -9*p**2 - 24*p + 53. Give v(-4).
5
Let a(u) = -2*u**2 - 124*u - 15. What is a(-62)?
-15
Let r(o) = o**3 - 185*o**2 - 3211*o + 68. What is r(-16)?
-12
Let c(j) = -j**2 + 14*j + 54. Determine c(15).
39
Let p(n) = -3*n**2 - 45*n - 122. Calculate p(-22).
-584
Let p(b) = 13*b + 314. Determine p(-27).
-37
Let x(d) = 98*d + 28. What is x(6)?
616
Let t(s) = 4*s**2 - 271*s + 4567. Give t(37).
16
Let k(f) = 3*f**3 + 8*f**2 - 26*f - 5. Calculate k(2).
-1
Let a(r) = -r**3 + 42*r**2 + 93*r - 18. Calculate a(44).
202
Let i(q) = 3*q**2 + 61*q + 190. Give i(-4).
-6
Let z(l) = 2*l**3 - 301*l**2 + 142*l + 1209. Determine z(150).
9
Let z(l) = 367*l - 8819. Calculate z(24).
-11
Let j(n) = -n**3 + n**2 + 7*n - 4. What is j(-4)?
48
Let m(o) = 5*o**2 - 13*o + 37. Calculate m(3).
43
Let r(t) = -526*t + 10996. What is r(21)?
-50
Let j(t) = t**2 + 45*t - 198. Calculate j(-50).
52
Let j(c) = c**3 - 76*c**2 + 287*c - 153. Give j(72).
-225
Let h(z) = z**3 + 22*z**2 + 11*z - 1. What is h(-21)?
209
Let d(p) = p**3 - 19*p**2 + 11*p + 105. What is d(18)?
-21
Let u(k) = 4*k + 95. Give u(-30).
-25
Let y(q) = -39*q**2 + 272*q - 5. Give y(7).
-12
Let g(p) = p**2 + 158*p + 1069. Determine g(-7).
12
Let d(t) = -3*t**3 - 63*t**2 - t + 25. Determine d(-21).
46
Let x(y) = 2*y**3 + 2*y**2 - 18*y - 35. What is x(-3)?
-17
Let y(l) = -19*l - 71. Calculate y(-4).
5
Let t(y) = 2*y**2 - 794*y - 4819. Determine t(-6).
17
Let m(b) = b**3 - 3*b**2 - 12*b + 6. Give m(5).
-4
Let j(o) = 33*o + 287. Determine j(-10).
-43
Let y(r) = r**3 + 4*r**2 + 9. Determine y(-6).
-63
Let q(c) = c**3 + 4*c**2 - 44*c - 272. Calculate q(-8).
-176
Let n(t) = -55*t + 461. Determine n(8).
21
Let s(o) = 399*o + 594. Determine s(-2).
-204
Let q(f) = 14*f + 74. Determine q(10).
214
Let f(y) = -175*y - 863. What is f(-5)?
12
Let y(z) = -z**2 + 131. What is y(15)?
-94
Let r(i) = 5*i**2 + 523*i + 329. What is r(-104)?
17
Let a(v) = 2*v**3 + 30*v**2 + 61*v + 102. Calculate a(-13).
-15
Let n(t) = 469*t + 1930. Calculate n(-4).
54
Le